- 5*w = 7022, 10319 = -5*y + 2*w - 7265. What is the tens digit of ((-3)/(-3))/(6*(-1)/y)?
8
Let m be 3 + (-1 - -2)*0/10. Suppose 8 = 2*n - m*c, -n + 1 = 3*c + 6. Suppose n = -10*v + 121. What is the tens digit of v?
1
Let b = -271 + 412. Suppose b = 3*p - 1176. What is the tens digit of p?
3
Let h = -140 - -149. Suppose 5031 = h*o + 819. What is the tens digit of o?
6
Let d(g) = 13*g**2 - 2*g - 2. Let q = 39 - 37. Suppose -5*z + 4 = q*x - 2, -5*z = x - 8. What is the tens digit of d(x)?
5
Let r(k) be the third derivative of -k**5/60 + 41*k**4/24 + 31*k**3/3 + 37*k**2. What is the tens digit of r(30)?
9
Suppose 36*z - 15 = 33*z. Suppose -34 + 29 = -z*a. What is the units digit of -136*4/(-8) - a?
7
Let f = -32749 + 37253. What is the thousands digit of f?
4
Let b be (-260)/(8/2)*4/(-10). Suppose m - b = -k - 8, k = 0. Let a = 167 - m. What is the units digit of a?
9
Let a(l) = 36*l**2 - 108*l + 642. What is the ten thousands digit of a(-36)?
5
What is the thousands digit of 24764 - ((-11)/(-2))/((-55)/110)?
4
Let l be (30/(-5))/(7/14). What is the tens digit of ((-1)/(-4)*-897)/(3/l)?
9
Let p(m) = -9*m**2 - 329*m + 11. What is the thousands digit of p(-25)?
2
Suppose 16639 = 5*b - 45*s + 47*s, 2*s + 13340 = 4*b. What is the tens digit of b?
3
Suppose 5*k - 345 = 4*w, -k - 4*w = -3*k + 126. Let c = k - 28. Suppose -c = -2*j + 17. What is the tens digit of j?
3
Suppose -17*l + 20*l + 2*f - 103903 = 0, -5*l + 2*f + 173161 = 0. What is the hundreds digit of l?
6
Let p = -19664 - -36715. What is the tens digit of p?
5
Let j(v) = 3*v + 6. Let i = 9 + -3. Let o be j(i). Suppose 0 = -4*l - 0*l + o. What is the units digit of l?
6
Suppose 77*p - 84*p + 21 = 0. Suppose 5*w - 4067 = 2*i, -2437 = -p*w - 6*i + 4*i. What is the tens digit of w?
1
Let a be 4*(-1 + (-291)/(-12) - 4). Suppose 2*o - a = -5*z, -z + 5*o + 39 = 2. What is the units digit of z?
7
Suppose 0 = -3*h + 6, 116 = -o + 5*o - 4*h. Suppose o*m - 29*m = -8. What is the tens digit of (m/(-10))/((-20)/(-12800))?
5
Suppose 6*j - 27711 + 9021 = 0. What is the tens digit of j?
1
Let q = -94 + 233. Let a = q + -3. What is the units digit of a?
6
Let m(j) = -2*j**3 - 2*j**2 + 2*j + 224. Let x be m(0). Let r = x + 28. What is the hundreds digit of r?
2
Let i = 106775 - 72405. What is the tens digit of i?
7
What is the units digit of 47/(-94) + (-7197)/(-2)?
8
Let k(m) = -2*m**2 - 15*m. Let i(r) = -3 + r + 4 - 2*r. Let l(f) = 6*i(f) - k(f). What is the units digit of l(-13)?
7
Suppose -8*s - 5*c + 29 = -4*s, 5*c + 25 = 5*s. Suppose 0 = 3*r + s, -5*o - 398 = -9*o + r. What is the units digit of o?
9
Suppose 2 + 13 = 5*y. Suppose -y*z - 2*h + 5 + 14 = 0, z - 7 = -h. Suppose 3*w - 6*w = b - 192, w - z*b = 48. What is the units digit of w?
3
Suppose 75*b - 78*b = -24, 4*j + 3*b - 64352 = 0. What is the tens digit of j?
8
Suppose 5*w = 4*b - b + 58, -5*b = 5*w - 90. Let h(t) = -2*t**2 + 39*t + 26. What is the tens digit of h(w)?
8
Suppose -h + 188 = 4*f, 0 = -4*f + 18*h - 17*h + 196. What is the units digit of f?
8
Let p(b) = 67*b - 36*b + 5*b**2 + 4 - 35*b. What is the hundreds digit of p(-7)?
2
Let h = 8647 + -8125. What is the units digit of h?
2
Let x(q) = 8*q**2 - 30*q + 21. Let t be x(9). Let u = -92 + t. What is the hundreds digit of u?
3
Let n(j) = -j**3 - 39*j**2 - 28*j + 68. Let p be -24*(-12)/(-8) - 3. What is the thousands digit of n(p)?
1
Suppose 2*w + 2*a = -2*a - 198, -5*a - 25 = 0. Let z = w + 254. What is the hundreds digit of z?
1
Suppose b - 5 = 7. Let c = -6 + b. Suppose -405 = -c*o + 3*o. What is the units digit of o?
5
Let l(y) = -197*y**3 + y**2 + 1. Let f(i) = 3*i + 20. Let q be f(-7). What is the tens digit of l(q)?
9
Let u = -26494 + 44206. What is the units digit of u?
2
What is the hundreds digit of 66778 + 9*(4/(-3) - (-21)/9)?
7
Let x(t) = -t**3 + 23*t**2 - 3*t + 74. Let j be x(23). Suppose 0 = -2*h + 5*b + 909, 6*h - 10*h + j*b = -1803. What is the units digit of h?
7
Let b(c) = -3 + 6 + 0 - 5*c. Let t be b(-7). What is the tens digit of 2*1*285/t?
1
Let g(i) = -7*i**2 + 4*i - 5. Let h(s) = 8*s**2 - 3*s + 6. Let r(y) = -6*g(y) - 5*h(y). Let f be r(5). Suppose 152 = f*l - 188. What is the units digit of l?
8
Suppose -4*k + 2768 = n - 2412, 4*k = -5*n + 5196. Let u = 2229 - k. What is the tens digit of u?
3
Suppose -3*i = 0, -25 = 5*z + 4*i - 65. Suppose -2708 = -z*t + 3460. What is the units digit of t?
1
Suppose 32*m - 2*m + 240 = 0. What is the tens digit of 1/(m/(-16)) - -470?
7
Let k(p) = -9*p**3 - p**2 - p - 17. Let j be (-32 - -6)/2 - -8. What is the thousands digit of k(j)?
1
Let c(t) = -t + 28. Let h be c(0). Let s be 11753/h + (-2)/(-8). Suppose -a + s = 4*a - 5*w, -3*a + 4*w = -257. What is the tens digit of a?
7
Let s = -38 + 41. Suppose 4*q - s = 5. Suppose -u + 2 = -q. What is the units digit of u?
4
Let m(h) = -33*h**3 + 2*h**2 - 2. Suppose -2*t = l - 5, 0*t = -4*l - 3*t. What is the hundreds digit of m(l)?
9
Let i(z) = z**2 + 5*z + 7. Let o(g) = g - 3. Let d be o(-2). Let n be i(d). Suppose 0 = 4*q - n*q + 255. What is the tens digit of q?
8
Let f = -168 + 254. Suppose -34 = 4*q + f. Let i = 122 + q. What is the tens digit of i?
9
Let z = 17881 + -10864. What is the hundreds digit of z?
0
Let s(p) = -p**2 - 15*p + 4. Let q be s(-17). Let j = q - -29. What is the tens digit of j/(6/(-10))*(8 + 7)?
2
Let o(t) = 66*t**2 - 182*t + 3231. What is the units digit of o(28)?
9
Suppose -69*t = -58*t - 1254. What is the units digit of t?
4
Let y(d) be the second derivative of d**4/12 + 7*d**3/6 + 15*d**2/2 - 24*d. Let a be y(-5). Let p(u) = 17*u + 7. What is the units digit of p(a)?
2
Let v(p) be the first derivative of -17*p**4/8 - 31*p**3/6 - 5*p**2 + 31. Let d(b) be the second derivative of v(b). What is the tens digit of d(-5)?
2
Let h = 82 + -73. What is the units digit of h?
9
Suppose -57*x + 62*x = 0. Suppose x = 24*j - 28*j + 1676. What is the units digit of j?
9
Let w(l) be the second derivative of l**5/2 - 5*l**4/3 - l**3 - 9*l**2/2 - 45*l - 2. What is the tens digit of w(5)?
1
Let z(t) = 16*t + 14*t + 18*t - 67*t + 18*t + 16. Suppose -36 = -3*x - v, 3*x = 6*x - 4*v - 36. What is the units digit of z(x)?
4
What is the tens digit of (4 - -2) + (-24248)/(-4) + 15?
8
Suppose 0 = -3*w - 2*x + 108776, -47*x = -4*w - 45*x + 145002. What is the hundreds digit of w?
2
Suppose 0 = 3*m + 4*i - 13763, 7831*m - 9178 = 7829*m - 2*i. What is the hundreds digit of m?
5
Suppose 0 = 5*z - 3072 - 3738. What is the thousands digit of (17 + z)*(1 - (-3 + 3))?
1
Let i = -232 + 422. Suppose 0 = i*w - 175*w - 9645. What is the hundreds digit of w?
6
Suppose 12 = 2*w + 5*c, -2*c - 2*c + 12 = 4*w. Let m(h) = 5*h**3 - h**2 + 2*h - 1. Let z be m(w). Suppose -220 = -z*k + k. What is the units digit of k?
5
Let o(w) = w**3 - 10*w**2 + 10*w - 7. Let b be o(9). Suppose -14 = -b*x - 3*m + 10, 0 = -x - m + 12. What is the tens digit of 164/3 + 1 + (-20)/x?
5
Let t(x) = x + 8. Let b be t(-5). Suppose 0*f - 3*s + 664 = f, -b*s - 3410 = -5*f. What is the hundreds digit of f?
6
Suppose -3*g - 5*x + 6970 = 0, -4*x = -g - 3*x + 2334. Let m = g + -1037. What is the thousands digit of m?
1
Let s(q) be the third derivative of -41*q**4/24 + 5*q**3/3 + 3*q**2. Let l(g) = -42*g + 9. Let h(j) = -6*l(j) + 5*s(j). What is the hundreds digit of h(3)?
1
Let m(w) be the third derivative of w**5/60 - 5*w**4/12 + 13*w**3/6 - 2*w**2. Let d be m(9). Suppose -d*a + 202 + 170 = 0. What is the tens digit of a?
9
Let r(n) = 28*n**3 - n**2 - 3*n - 3. Let v be r(3). Suppose -v = -6*c + 357. What is the tens digit of c?
8
Suppose -4*q + 5*q - 2*n = -10, -3*n + 15 = 2*q. Suppose 5*m - 5211 = -3*l, 3*l + q*l = -4*m + 5214. What is the hundreds digit of l?
7
Let v(k) = 6*k + 13. Let l be v(-5). Let x = 19 + l. Suppose x*r - 128 = 138. What is the hundreds digit of r?
1
Let f(h) = -2*h**2 + 7*h + 6. Let j be f(4). Let c be j + ((-35)/5 - -3). What is the units digit of (c - (-8)/3)*(5 + -2)?
2
Let v(m) = -m**2 + 8*m + 48. Let q be v(12). Suppose -110 = -2*a - 3*z + 323, 5*a + z - 1063 = q. What is the units digit of a?
2
Suppose -2*f - 5*h + 11468 = -19478, 4*f = -5*h + 61932. What is the units digit of f?
3
Suppose 0*d + 701693 = 64*d + 7*d. What is the hundreds digit of d?
8
Let t(p) = p**2 - 4*p + 4. Let k be t(4). Let